{"id":33,"date":"2018-03-21T17:34:14","date_gmt":"2018-03-21T20:34:14","guid":{"rendered":"http:\/\/www.franciscoaller.com.ar\/?page_id=33"},"modified":"2018-03-25T23:12:36","modified_gmt":"2018-03-26T02:12:36","slug":"acerca-de","status":"publish","type":"page","link":"https:\/\/www.franciscoaller.com.ar\/?page_id=33","title":{"rendered":"Clases y Talleres"},"content":{"rendered":"<p>1) <b>Clases particulares de guitarra:<\/b> Una hora semanal, individual. Orientada a los intereses de cada estudiante. El valor de las mismas es de 1400 pesos mensual. Se da una entrevista sin cargo para establecer en conjunto la metodolog\u00eda de trabajo. Horarios a convenir.<\/p>\n<p>2) <b>Clases grupales de guitarra en nivel intermedio:<\/b> Un encuentro semanal de una hora y media, grupos reducidos. Repertorio orientado a los gustos de los participantes. El valor de las clases es de 800 pesos mensual. Lunes o martes de 19 a 20.30<\/p>\n<p>3) <b>Introducci\u00f3n a arreglos y ensamble de canciones:<\/b> Taller donde veremos c\u00f3mo arreglar canciones, modificar las tonalidades para nuestra comodidad vocal, de qu\u00e9 forma podemos utilizar diferentes herramientas arm\u00f3nicas y mel\u00f3dicas como para dejar plasmados diferentes criterios est\u00e9ticos, bas\u00e1ndonos en la pr\u00e1ctica. D\u00eda jueves de 19 a 21 hs. El valor de las clases es de 800 pesos mensual.<\/p>\n<p align=\"justify\"><span style=\"font-size: medium;\">Este a\u00f1o estar\u00e9 dando las clases en mi domicilio en Devoto, en las cercan\u00edas de Mosconi y Av San Mart\u00edn.<\/span><\/p>\n","protected":false},"excerpt":{"rendered":"<p>1) Clases particulares de guitarra: Una hora semanal, individual. Orientada a los intereses de cada estudiante. El valor de las mismas es de 1400 pesos mensual. Se da una entrevista sin cargo para establecer en conjunto la metodolog\u00eda de trabajo. Horarios a convenir. 2) Clases grupales de guitarra en nivel intermedio: Un encuentro semanal de &hellip; <\/p>\n<p class=\"link-more\"><a href=\"https:\/\/www.franciscoaller.com.ar\/?page_id=33\" class=\"more-link\">Continuar leyendo<span class=\"screen-reader-text\"> \u00abClases y Talleres\u00bb<\/span><\/a><\/p>\n","protected":false},"author":1,"featured_media":77,"parent":0,"menu_order":0,"comment_status":"closed","ping_status":"closed","template":"","meta":{"footnotes":""},"class_list":["post-33","page","type-page","status-publish","has-post-thumbnail","hentry"],"_links":{"self":[{"href":"https:\/\/www.franciscoaller.com.ar\/index.php?rest_route=\/wp\/v2\/pages\/33","targetHints":{"allow":["GET"]}}],"collection":[{"href":"https:\/\/www.franciscoaller.com.ar\/index.php?rest_route=\/wp\/v2\/pages"}],"about":[{"href":"https:\/\/www.franciscoaller.com.ar\/index.php?rest_route=\/wp\/v2\/types\/page"}],"author":[{"embeddable":true,"href":"https:\/\/www.franciscoaller.com.ar\/index.php?rest_route=\/wp\/v2\/users\/1"}],"replies":[{"embeddable":true,"href":"https:\/\/www.franciscoaller.com.ar\/index.php?rest_route=%2Fwp%2Fv2%2Fcomments&post=33"}],"version-history":[{"count":2,"href":"https:\/\/www.franciscoaller.com.ar\/index.php?rest_route=\/wp\/v2\/pages\/33\/revisions"}],"predecessor-version":[{"id":65,"href":"https:\/\/www.franciscoaller.com.ar\/index.php?rest_route=\/wp\/v2\/pages\/33\/revisions\/65"}],"wp:featuredmedia":[{"embeddable":true,"href":"https:\/\/www.franciscoaller.com.ar\/index.php?rest_route=\/wp\/v2\/media\/77"}],"wp:attachment":[{"href":"https:\/\/www.franciscoaller.com.ar\/index.php?rest_route=%2Fwp%2Fv2%2Fmedia&parent=33"}],"curies":[{"name":"wp","href":"https:\/\/api.w.org\/{rel}","templated":true}]}}